 hundreds digit of t(-3)?
1
Suppose 0*a - 6 = -5*a - 2*f, -4*a + 3*f = 9. Let g = 1 - 1. Suppose a = i - g*i + 3*h - 11, 4*h + 108 = 4*i. What is the tens digit of i?
2
Suppose -2*r + 0*r = -6. Suppose -m - 5*p - 4 = -3, r*m + p = -3. Let b = 3 - m. What is the units digit of b?
4
What is the tens digit of (-10 - -4)*(-28)/6?
2
Suppose -8 = -5*i + 3*i. What is the units digit of i?
4
Suppose 0 = 11*g - 8*g - 9. Let t = g + -1. What is the units digit of t?
2
Let u(k) = -3*k**2 - 5*k**3 + 5*k**3 - k - 2 - 2*k**3. Suppose -4*a - 15 = -7. What is the units digit of u(a)?
4
Suppose 6*r - 9*r + 738 = 0. What is the tens digit of r?
4
Suppose 82 = 5*x - 648. What is the hundreds digit of x?
1
Suppose 2*m + 43 = 3*g, -41 = -3*g - 0*m + 4*m. Suppose 2*q - 10 + 2 = 0. Let a = g - q. What is the units digit of a?
1
What is the tens digit of -3*24*(-4)/6?
4
Let x(b) = 2*b**2 + 7*b - 17. What is the tens digit of x(6)?
9
Suppose -2*q + 207 - 81 = 0. What is the units digit of q?
3
Let d = 19 + -8. Let p = 20 - d. What is the units digit of p?
9
What is the tens digit of 81/12*(-8)/(-3)?
1
Let d = 24 + -12. Suppose -2*v - d = -6*v. Suppose -18 = -2*b + z + 5, 5*b - 55 = v*z. What is the units digit of b?
4
What is the tens digit of (18/(-12))/((-2)/60)?
4
Suppose 4*k + 0*k - 20 = 0. Suppose -4*t = -k*f + 37, -12 = 6*t - 2*t. Let s(w) = w**3 - 6*w**2 + 7*w. What is the units digit of s(f)?
0
Let r = 15 + -20. Let h(o) = o**2 + o + 8. What is the units digit of h(r)?
8
Suppose -4*o = -12 - 20. What is the units digit of o?
8
Let u(n) = -n**3 - 3*n**2 + 4*n - 1. Let x be u(-4). Let c(h) be the first derivative of 10*h**3/3 + h**2/2 + h + 5. What is the tens digit of c(x)?
1
What is the units digit of (-24)/18*(-90)/4?
0
Suppose 0 = 2*s + u - 14, -3*s + 0*u + 4*u + 21 = 0. Let o(p) = 4*p - 22. Let d(k) = k - 7. Let i(y) = -7*d(y) + 2*o(y). What is the tens digit of i(s)?
1
Suppose -l = -3*l - 4. Let a(i) = -4*i - 1. Let j be a(l). Let v = j - 3. What is the units digit of v?
4
Let t(l) = 2*l**2 - l. Let d be t(-1). Let j(n) = -n**2 + 5*n + 7. Let u be j(6). Suppose d*h = -3*y + 15, -y + 4*y = 5*h - u. What is the units digit of h?
2
Suppose 4*f + f - 45 = 0. Suppose 3*g = 2*g + f. What is the units digit of g?
9
Suppose 1 = 3*l - 5*l - 5*w, 0 = l - w - 17. What is the tens digit of ((-33)/l)/((-2)/8)?
1
Let a(g) = 5*g**2 + 3*g - 1. Let j be a(-3). Let r = 65 - j. What is the units digit of r?
0
Let t(u) = -19*u**2 - 4*u - 3. Let o(w) = 29*w**2 + 6*w + 4. Let f(v) = 5*o(v) + 7*t(v). What is the units digit of f(1)?
3
Let u(d) = d**2 - 4*d + 1. Let o be u(3). Let y = o + 16. What is the units digit of y?
4
Suppose 0 = -2*n - 5*p + 3*p + 160, 0 = 5*n - 4*p - 436. What is the tens digit of n?
8
Suppose 0*s - 3*s + 36 = 0. Suppose s = 3*j - 3. Suppose 3*b = 3*n + 42, j*b = 2*b - n + 22. What is the units digit of b?
9
Let y(i) be the first derivative of i**3/3 + 2*i**2 + 2*i - 2. What is the units digit of y(-4)?
2
Suppose -2*r - 1015 = -5*h, 0 = -5*h + 3*r - 8*r + 1015. What is the units digit of h?
3
Suppose 3*z + f - 379 = 0, -5*z - 4*f = 101 - 728. What is the hundreds digit of z?
1
Let y = 284 + -188. What is the units digit of y/2 - (-5 + 3)?
0
Let s(i) = -2*i + 1. Let u be s(2). Let q = 11 - 5. Let v = u + q. What is the units digit of v?
3
Suppose -2*z + 124 = 2*z. Suppose -2*b + 25 = -z. What is the tens digit of b?
2
Suppose 17 = -12*g - 43. Suppose c - 12 = 2*m, -18 = -c - 3*m + 8*m. Let z = c + g. What is the units digit of z?
3
Suppose -26*c - 695 = -31*c. What is the hundreds digit of c?
1
Let b(z) = 39*z**2 + z + 2. What is the tens digit of b(-2)?
5
What is the tens digit of (3 - -80) + (-6)/(-2)*-1?
8
Let x be ((-40)/6)/(1/(-3)). Suppose -q + x = 4*q. What is the units digit of q?
4
Let d(h) = -1 - 3 + 2 + 1 - h. What is the units digit of d(-5)?
4
Let h(y) = -32*y - 71. What is the tens digit of h(-9)?
1
Suppose 8*z = 6*z + 22. What is the tens digit of z?
1
Let b(v) be the second derivative of 5*v**3/6 + 9*v**2/2 + 2*v. Let f(z) = 3*z + 5. Let l(c) = 4*b(c) - 7*f(c). What is the units digit of l(-2)?
3
What is the tens digit of 285/76*(-232)/(-3)?
9
Suppose 3*l - 40 = l. What is the units digit of l?
0
Suppose g = 2*h + 4, 12 = -9*g + 4*g + 2*h. What is the units digit of (-1)/g - 60/(-16)?
4
Let d be (2/(-6))/(1/(-3)). What is the tens digit of (0 - d)/((-2)/22)?
1
Let w(s) = 3*s**2 - 4. What is the tens digit of w(-3)?
2
Suppose -5*b - 43 = 3*r - 2*r, -2*b = -r - 29. Let m = -7 - r. What is the units digit of m?
6
Let t = 7 - 4. What is the units digit of (t - 2)/(1/2)?
2
What is the tens digit of -2 + -2*(-74)/4?
3
Let n be (-2)/(-4)*(3 + 53). Let j = -3 + n. What is the tens digit of j?
2
Let q(x) = 17*x - 20. Let g(r) = 6*r - 7. Let k(p) = -11*g(p) + 4*q(p). Let j be k(6). Let n = j - 2. What is the units digit of n?
7
Suppose 0*z + 2*z = 0. Suppose -h + 23 = -z*f - 5*f, 0 = -f - 1. What is the units digit of h?
8
Let d(p) = -p**3 - 2*p**2 + 4*p + 18. What is the units digit of d(-6)?
8
Let z(u) = 9*u - 3. Let k be z(-3). What is the tens digit of (-8)/6*k/4?
1
Let d = -26 + 96. What is the units digit of d?
0
Let x = -146 - -150. Let h = 70 + -6. Suppose x*u = -0*u + h. What is the tens digit of u?
1
Suppose -18 = -t - 4*h, -t - 24 = -3*t - 2*h. Let u = t - 9. What is the units digit of u?
1
Let y = -81 + 137. What is the tens digit of y?
5
Let n(u) = 12*u**3 + 2*u**2 - 2*u + 1. Let t be n(1). Let m = t + -9. Suppose m*f = -4*q + 12, 0 = -3*f - 2*q + 3*q + 17. What is the units digit of f?
5
What is the tens digit of (-560)/(-42) + (-2)/(-3)?
1
Suppose -4*o - 4*a + 13 + 7 = 0, 10 = 5*o + 2*a. Suppose 0 = -0*x - 2*x + 120. Suppose 0 = -c - o*c + 5, 2*c - x = -5*p. What is the tens digit of p?
1
Suppose 2*f - 69 = -f. Suppose 0*t - f = -t. What is the units digit of t?
3
Suppose 0 + 8 = -4*j. What is the units digit of (-81)/(-18) - j/4?
5
Suppose 0 = -s + 2*s - 4. Suppose s*l - 54 = -2*q - l, -189 = -5*q + l. Suppose 5*k - 59 = -4*y, -k - 2*k = 2*y - q. What is the units digit of k?
5
Suppose 5*z - 310 = -0*z - 5*x, 4*z + 3*x - 243 = 0. What is the tens digit of z?
5
What is the tens digit of (-2)/(3 - 2755/915)?
8
Suppose -6*d + 73 = 25. What is the units digit of d?
8
Suppose -3*p - 34 - 47 = 0. What is the tens digit of (-9)/p - (-94)/6?
1
Suppose -2*i - 6 = -4*i. Suppose -7*b + i*b + 16 = 0. Suppose b*j - s - 31 = -0*s, -j = 3*s + 2. What is the units digit of j?
7
Let b = -2 - -23. What is the tens digit of b?
2
Suppose 5*u = 3*u + 4. Suppose -2*n - 3*n = -u*a + 120, -5*a + 234 = 4*n. What is the units digit of a?
0
Suppose 8 = 2*k - 4. Suppose -2*q = i - 2, -i + k*i - 3*q - 23 = 0. Suppose -2*j - i*s = -44, -3*j + 7*j = -s + 60. What is the units digit of j?
4
Suppose -2*b = -y + 6*y - 11, 3*b = -5*y + 9. Suppose 4 = 2*j, 2*p - 17 = -y*j + 9. Let h = p + -1. What is the units digit of h?
9
Let w(x) = 0*x**2 + 7*x - x**2 + 0*x. Let c be w(7). Let n = c - -6. What is the units digit of n?
6
Suppose 0*k + 9 = 2*f - k, k + 21 = 4*f. Suppose -f*i + 20 = -i. Let w = i - 3. What is the units digit of w?
1
Suppose 4*b = -2*b + 144. What is the tens digit of b?
2
Suppose -f - 10 = -2*f. Suppose -30 = -v - f. What is the units digit of v?
0
Suppose a = 3*a - w - 38, 0 = a + 3*w - 19. What is the units digit of a?
9
Let s = -4 + 5. Let z(h) = -1 + h + s. What is the units digit of z(8)?
8
Suppose 0*u - 198 = -6*u. What is the units digit of u?
3
Let c(l) = l**3 + 6*l**2 + 4*l + 6. Let q(y) be the second derivative of -y**3/3 + 9*y**2/2 + 2*y. Let h be q(7). What is the units digit of c(h)?
1
Suppose -4*j - 4*r = -6*j - 4, -3*j = -4*r + 2. Suppose 0 = -4*h + j*x, -x = 5*h + x. Suppose s + h*s = 3. What is the units digit of s?
3
Let b(c) = 7*c**2 - 1 - 19*c + 18*c - 2*c**2. What is the units digit of b(-2)?
1
Let k(s) = s - 1. Let h(j) = -j**2 - 6*j. Let t(n) = h(n) + 2*k(n). Let b be t(-3). Let g = 2 - b. What is the units digit of g?
1
What is the tens digit of 3/(-2) + 385/10?
3
Let f = -4 + 55. What is the tens digit of f?
5
Let n = -3 - -6. Suppose -6*b + 27 = -b - n*s, 4*b = 3*s + 21. What is the units digit of b?
6
Let g(a) = -a**3 + 14*a**2 + 16*a + 20. What is the tens digit of g(15)?
3
Suppose -8 = -3*c + 1. Suppose -2*o - 6 = -c*o.